lculate the greatest common factor of 33375 and 423195.
1335
What is the greatest common divisor of 363363 and 19383?
273
Calculate the highest common divisor of 32890908 and 60.
12
Calculate the greatest common factor of 7107114 and 882.
42
Calculate the highest common factor of 50924133 and 45890.
4589
Calculate the highest common factor of 6 and 922677618.
6
What is the greatest common factor of 642 and 67830189?
321
Calculate the greatest common divisor of 336746 and 623213.
137
Calculate the greatest common factor of 25011744 and 19488.
96
Calculate the highest common divisor of 19348000 and 875.
875
Calculate the greatest common divisor of 42014266 and 49.
49
Calculate the greatest common divisor of 6541005 and 12.
3
What is the greatest common divisor of 86 and 46128293?
43
Calculate the highest common factor of 24376079 and 15925.
637
What is the highest common divisor of 267363670 and 70?
70
What is the highest common factor of 68081012 and 69?
23
What is the highest common divisor of 6224470 and 441?
49
What is the greatest common factor of 58651 and 2027743?
659
Calculate the highest common divisor of 570 and 15798.
6
What is the highest common divisor of 30454600 and 1496?
88
What is the highest common factor of 27942115 and 5330?
205
What is the highest common factor of 3550 and 110405?
355
What is the highest common factor of 630 and 79701174?
126
Calculate the greatest common factor of 1048 and 617595832.
1048
Calculate the greatest common divisor of 2442 and 38167239.
1221
What is the highest common factor of 99094981 and 10520?
263
Calculate the greatest common factor of 968 and 132208516.
44
What is the greatest common divisor of 7908275 and 5825?
25
Calculate the greatest common divisor of 9395273 and 41.
41
Calculate the highest common factor of 3999 and 2308283.
43
Calculate the highest common divisor of 163578545 and 144457.
7603
What is the highest common factor of 1842157 and 14?
1
Calculate the highest common factor of 8555196 and 413124.
2076
What is the greatest common factor of 549632 and 1168?
16
What is the greatest common divisor of 67368 and 151977?
21
Calculate the greatest common divisor of 14219 and 199302.
59
What is the highest common divisor of 627004 and 10054?
914
Calculate the greatest common divisor of 4107 and 42571793.
1369
Calculate the greatest common factor of 33892 and 10149738.
458
Calculate the greatest common divisor of 56 and 3136189.
7
Calculate the greatest common factor of 62872163 and 56051.
2437
Calculate the greatest common divisor of 21732936 and 306.
102
What is the highest common divisor of 16 and 54648556?
4
What is the greatest common divisor of 10 and 2251490?
10
What is the greatest common divisor of 345 and 23320770?
15
What is the highest common factor of 895121988 and 12?
12
What is the highest common divisor of 3173106 and 97728?
3054
What is the greatest common divisor of 406 and 1603952?
14
What is the highest common divisor of 682978 and 1312?
82
What is the highest common factor of 20474 and 1517900?
706
Calculate the greatest common factor of 7650 and 6005590.
170
Calculate the highest common divisor of 158 and 775936262.
158
What is the greatest common divisor of 256 and 10395456?
64
Calculate the highest common divisor of 326474088 and 2886.
222
What is the highest common factor of 153637 and 1529?
11
Calculate the highest common divisor of 392574 and 6006.
546
What is the greatest common divisor of 19482 and 202368?
102
What is the greatest common divisor of 57865608 and 1242?
414
What is the highest common divisor of 128904 and 43610424?
3144
Calculate the greatest common factor of 3980 and 3075140.
20
What is the highest common factor of 20914583 and 37?
37
What is the greatest common factor of 146197848 and 236480?
5912
Calculate the highest common divisor of 38934 and 1010430.
1854
Calculate the highest common divisor of 397264 and 2632.
56
What is the greatest common factor of 310320 and 2011908?
5172
What is the greatest common factor of 2572 and 338356?
4
What is the greatest common divisor of 13547365 and 596625?
7955
Calculate the highest common factor of 315206 and 97477.
911
What is the greatest common divisor of 5614 and 340761379?
2807
Calculate the greatest common divisor of 889184 and 3168.
32
What is the greatest common divisor of 139872 and 261888?
2976
What is the highest common factor of 35761 and 403161?
11
Calculate the greatest common factor of 14825 and 7819891.
593
What is the highest common divisor of 229545 and 136665?
45
Calculate the highest common divisor of 59632 and 3961801.
3727
What is the greatest common factor of 194956 and 1870?
34
What is the highest common factor of 2365207 and 10556?
13
What is the greatest common divisor of 118801870 and 6270?
2090
Calculate the highest common divisor of 28224 and 255168.
576
What is the highest common factor of 2500 and 228980?
20
What is the greatest common divisor of 31560 and 281040?
120
What is the greatest common factor of 79596360 and 90?
90
Calculate the highest common divisor of 22 and 200083048.
22
What is the greatest common divisor of 248 and 6437646?
62
Calculate the greatest common factor of 4929896 and 1928.
1928
Calculate the highest common factor of 188754707 and 71.
71
What is the greatest common factor of 57063 and 138?
69
Calculate the highest common factor of 2559 and 354.
3
Calculate the greatest common divisor of 2306823315 and 15.
15
What is the highest common divisor of 2564965 and 130?
65
What is the highest common factor of 12 and 55246404?
12
What is the highest common divisor of 156164 and 11?
1
Calculate the greatest common divisor of 78320188 and 7388.
7388
What is the greatest common divisor of 156 and 222896323?
13
What is the greatest common factor of 81161 and 2287189?
277
What is the highest common factor of 598865036 and 881?
881
What is the greatest common divisor of 29242704 and 1436?
1436
What is the highest common divisor of 2622 and 1598964?
114
Calculate the highest common divisor of 2498818 and 98.
14
What is the greatest common divisor of 2171 and 365131?
13
What is the highest common factor of 208651 and 685?
137
Calculate the greatest common divisor of 246603137 and 11.
11
Calculate the greatest common divisor of 7533 and 18056043.
279
Calculate the highest common divisor of 1869308 and 336.
28
Calculate the greatest common factor of 42 and 58074.
6
What is the greatest common divisor of 12 and 20888828?
4
Calculate the greatest common divisor of 61289452 and 112.
28
Calculate the greatest common factor of 5384359 and 9616.
601
Calculate the highest common divisor of 489007 and 24764.
41
What is the greatest common factor of 12620386 and 1898?
146
What is the greatest common divisor of 534772922 and 5116?
2558
What is the greatest common divisor of 4368518 and 196042?
2926
What is the greatest common divisor of 1302177 and 3663646?
1567
Calculate the greatest common divisor of 647977666 and 1633.
1633
What is the greatest common divisor of 404004 and 129528?
3084
Calculate the highest common factor of 2386714 and 33.
11
What is the greatest common divisor of 789272 and 1859?
11
Calculate the greatest common divisor of 166098 and 806.
62
Calculate the greatest common divisor of 708671205 and 15.
15
Calculate the highest common divisor of 2735190 and 1530.
90
Calculate the greatest common factor of 104480 and 2113108.
2612
Calculate the highest common factor of 4466 and 47270377.
2233
What is the greatest common factor of 7268 and 16361326?
46
Calculate the greatest common divisor of 707739 and 12.
3
Calculate the greatest common divisor of 10549233 and 602.
43
Calculate the highest common divisor of 5824 and 1266850.
26
What is the highest common divisor of 3961373 and 52?
13
What is the greatest common divisor of 475 and 1934550?
25
Calculate the highest common factor of 138985735 and 7671.
2557
Calculate the greatest common factor of 19308 and 69359163.
4827
What is the greatest common factor of 10669 and 5801210?
47
Calculate the highest common factor of 344 and 71339064.
344
What is the greatest common divisor of 731414 and 992?
62
Calculate the highest common factor of 262395 and 15351.
357
What is the greatest common factor of 60315 and 11